is the thousands digit of 2046307?
6
What is the millions digit of 12979093?
2
What is the units digit of 1371220?
0
What is the ten millions digit of 11878777?
1
What is the thousands digit of 653914?
3
What is the tens digit of 2606330?
3
What is the hundreds digit of 288840?
8
What is the tens digit of 8034748?
4
What is the hundreds digit of 86220?
2
What is the millions digit of 1437369?
1
What is the hundreds digit of 25774205?
2
What is the ten thousands digit of 63192?
6
What is the thousands digit of 2446304?
6
What is the millions digit of 25693973?
5
What is the ten thousands digit of 36163566?
6
What is the tens digit of 19813985?
8
What is the tens digit of 311650?
5
What is the units digit of 1088767?
7
What is the hundred thousands digit of 1803916?
8
What is the hundred thousands digit of 2024940?
0
What is the ten thousands digit of 1685955?
8
What is the units digit of 6098732?
2
What is the hundred thousands digit of 21166821?
1
What is the units digit of 5241?
1
What is the thousands digit of 937313?
7
What is the tens digit of 9447791?
9
What is the hundred thousands digit of 2988323?
9
What is the units digit of 900746?
6
What is the ten thousands digit of 1786156?
8
What is the ten thousands digit of 108216?
0
What is the hundred thousands digit of 10099860?
0
What is the units digit of 4188188?
8
What is the hundreds digit of 15180994?
9
What is the tens digit of 1070001?
0
What is the hundreds digit of 775563?
5
What is the thousands digit of 199556?
9
What is the hundred thousands digit of 616737?
6
What is the thousands digit of 757561?
7
What is the hundreds digit of 726371?
3
What is the ten millions digit of 15775652?
1
What is the ten thousands digit of 227531?
2
What is the tens digit of 1497885?
8
What is the units digit of 14665245?
5
What is the hundreds digit of 132787?
7
What is the hundreds digit of 106096?
0
What is the hundreds digit of 157561?
5
What is the hundreds digit of 2571398?
3
What is the tens digit of 10910572?
7
What is the hundreds digit of 297515?
5
What is the thousands digit of 206036?
6
What is the hundred thousands digit of 1115620?
1
What is the ten thousands digit of 42911?
4
What is the hundreds digit of 134995?
9
What is the ten thousands digit of 19917686?
1
What is the units digit of 8177947?
7
What is the tens digit of 3544093?
9
What is the hundreds digit of 35029974?
9
What is the tens digit of 214994?
9
What is the units digit of 232768?
8
What is the tens digit of 522910?
1
What is the millions digit of 20423868?
0
What is the hundred thousands digit of 628363?
6
What is the ten thousands digit of 775972?
7
What is the hundred thousands digit of 396739?
3
What is the thousands digit of 257037?
7
What is the millions digit of 1850411?
1
What is the thousands digit of 259179?
9
What is the hundred thousands digit of 13033847?
0
What is the ten thousands digit of 618636?
1
What is the units digit of 333434?
4
What is the ten thousands digit of 3322973?
2
What is the tens digit of 2943675?
7
What is the millions digit of 3781050?
3
What is the ten thousands digit of 1337709?
3
What is the tens digit of 23221?
2
What is the hundred thousands digit of 13284955?
2
What is the units digit of 937939?
9
What is the hundreds digit of 5270805?
8
What is the hundreds digit of 10312022?
0
What is the ten thousands digit of 2549323?
4
What is the ten thousands digit of 3991990?
9
What is the ten thousands digit of 816968?
1
What is the millions digit of 1980332?
1
What is the units digit of 64393?
3
What is the hundreds digit of 1330207?
2
What is the hundreds digit of 3064709?
7
What is the hundreds digit of 226502?
5
What is the hundreds digit of 303739?
7
What is the tens digit of 17596521?
2
What is the hundreds digit of 263047?
0
What is the hundreds digit of 988291?
2
What is the hundreds digit of 235233?
2
What is the thousands digit of 4778000?
8
What is the ten thousands digit of 9852115?
5
What is the thousands digit of 486244?
6
What is the hundred thousands digit of 467569?
4
What is the units digit of 2146446?
6
What is the thousands digit of 33738?
3
What is the hundreds digit of 4986123?
1
What is the ten thousands digit of 150497?
5
What is the tens digit of 1431476?
7
What is the millions digit of 17741244?
7
What is the tens digit of 409551?
5
What is the ten thousands digit of 18348792?
4
What is the ten thousands digit of 1091470?
9
What is the hundreds digit of 4836156?
1
What is the tens digit of 4041940?
4
What is the hundred thousands digit of 567599?
5
What is the hundreds digit of 599855?
8
What is the hundreds digit of 193512?
5
What is the hundreds digit of 4224072?
0
What is the thousands digit of 205244?
5
What is the thousands digit of 246773?
6
What is the ten millions digit of 15161284?
1
What is the hundred thousands digit of 308465?
3
What is the hundred thousands digit of 290013?
2
What is the ten thousands digit of 123639?
2
What is the hundred thousands digit of 553293?
5
What is the thousands digit of 11851559?
1
What is the thousands digit of 583248?
3
What is the hundreds digit of 3954055?
0
What is the tens digit of 14158626?
2
What is the ten thousands digit of 3995054?
9
What is the thousands digit of 627140?
7
What is the hundred thousands digit of 304625?
3
What is the ten thousands digit of 9272712?
7
What is the hundreds digit of 206333?
3
What is the units digit of 9697254?
4
What is the thousands digit of 644735?
4
What is the ten thousands digit of 275881?
7
What is the millions digit of 10050054?
0
What is the thousands digit of 1931893?
1
What is the units digit of 1506146?
6
What is the thousands digit of 523497?
3
What is the thousands digit of 40585977?
5
What is the hundred thousands digit of 299172?
2
What is the thousands digit of 69909?
9
What is the millions digit of 11554960?
1
What is the ten thousands digit of 13059886?
5
What is the thousands digit of 5333471?
3
What is the units digit of 472979?
9
What is the units digit of 5620392?
2
What is the hundred thousands digit of 6298614?
2
What is the tens digit of 217387?
8
What is the tens digit of 21318293?
9
What is the units digit of 553089?
9
What is the ten thousands digit of 1520097?
2
What is the thousands digit of 10029244?
9
What is the ten thousands digit of 3429756?
2
What is the tens digit of 277353?
5
What is the tens digit of 8307863?
6
What is the hundred thousands digit of 1081370?
0
What is the hundred thousands digit of 6638605?
6
What is the hundreds digit of 3761660?
6
What is the units digit of 5212154?
4
What is the hundreds digit of 11122?
1
What is the thousands digit of 11486660?
6
What is the ten thousands digit of 5923860?
2
What is the ten thousands digit of 5093917?
9
What is the hundred thousands digit of 162642?
1
What is the ten thousands digit of 202015?
0
What is the tens digit of 205827?
2
What is the hundreds digit of 385742?
7
What is the units digit of 1806707?
7
What is the tens digit of 217851?
5
What is the hundreds digit of 313928?
9
What is the hundreds digit of 81413?
4
What is the thousands digit of 1283678?
3
What is the tens digit of 79642?
4
What is the ten millions digit of 21622312?
2
What is the tens digit of 1939469?
6
What is the millions digit of 6768434?
6
What is the units digit of 56608?
8
What is the hundreds digit of 4492817?
8
What is the thousands digit of 23065329?
5
What is the millions digit of 35937623?
5
What is the thousands digit of 10103131?
3
What is the tens digit of 9009892?
9
What is the ten thousands digit of 2704907?
0
What is the hundred thousands digit of 40416484?
4
What is the hundred thousands digit of 424322?
4
What is the millions digit of 24890291?
4
What is the thousands digit of 908262?
8
What is the millions digit of 17843344?
7
What is the ten millions digit of 15720172?
1
What is the tens digit of 28719010?
1
What is the hundreds digit of 516668?
6
What is the units digit of 537004?
4
What is the units digit of 419040?
0
What is the millions digit of 5613883?
5
What is the hundred thousands digit of 3048754?
0
What is the hundreds digit of 5470814?
8
What is the thousands digit of 14140?
4
What is the millions digit of 8712048?
8
What is the tens digit of 2991?
9
What is the units digit o